{"id":1932,"date":"2024-09-24T19:24:41","date_gmt":"2024-09-24T17:24:41","guid":{"rendered":"https:\/\/planetactus.com\/?post_type=aiovg_videos&#038;p=1932"},"modified":"2024-09-24T19:24:41","modified_gmt":"2024-09-24T17:24:41","slug":"premier-contact-le-plan-de-la-federation-galactique-pour-la-terre","status":"publish","type":"aiovg_videos","link":"https:\/\/planetactus.com\/index.php\/video\/premier-contact-le-plan-de-la-federation-galactique-pour-la-terre\/","title":{"rendered":"Premier Contact : Le Plan de la F\u00e9d\u00e9ration Galactique pour la Terre"},"content":{"rendered":"<p><span class=\"yt-core-attributed-string yt-core-attributed-string--white-space-pre-wrap\" dir=\"auto\"><span class=\"yt-core-attributed-string--link-inherit-color\" dir=\"auto\">\u25a0 D\u00e9couvrez comment la F\u00e9d\u00e9ration Galactique planifie l&rsquo;introduction progressive des extraterrestres dans notre quotidien. Ce vid\u00e9o offre un aper\u00e7u unique des strat\u00e9gies envisag\u00e9es pour faciliter ce moment historique, en assurant une transition s\u00e9curis\u00e9e et harmonieuse pour l&rsquo;humanit\u00e9. Rejoignez-nous pour plonger dans les myst\u00e8res de l&rsquo;univers et les pr\u00e9paratifs de notre premi\u00e8re interaction officielle avec des civilisations d&rsquo;autres mondes. \ud83d\udc7d<br \/>\n<\/span><\/span><\/p>\n<p>&nbsp;<\/p>\n<div class=\"gsp_post_data\" \r\n\t            data-post_type=\"aiovg_videos\" \r\n\t            data-cat=\"\" \r\n\t            data-modified=\"120\"\r\n\t            data-created=\"1727205881\"\r\n\t            data-title=\"Premier Contact : Le Plan de la F\u00e9d\u00e9ration Galactique pour la Terre\" \r\n\t            data-home=\"https:\/\/planetactus.com\"><\/div>","protected":false},"excerpt":{"rendered":"<p>\u25a0 D\u00e9couvrez comment la F\u00e9d\u00e9ration Galactique planifie l&rsquo;introduction progressive des extraterrestres dans notre quotidien. Ce vid\u00e9o offre un aper\u00e7u unique des strat\u00e9gies envisag\u00e9es pour faciliter ce moment historique, en assurant une transition s\u00e9curis\u00e9e et harmonieuse pour l&rsquo;humanit\u00e9. Rejoignez-nous pour plonger dans les myst\u00e8res de l&rsquo;univers et les pr\u00e9paratifs de notre premi\u00e8re interaction officielle avec des [&hellip;]<\/p>\n","protected":false},"author":1,"comment_status":"open","ping_status":"closed","template":"","aiovg_categories":[9,55,57,42],"aiovg_tags":[],"class_list":["post-1932","aiovg_videos","type-aiovg_videos","status-publish","has-post-thumbnail","hentry","aiovg_categories-actualite-du-monde","aiovg_categories-exo-politiques","aiovg_categories-mysteres","aiovg_categories-ufologie"],"yoast_head":"<!-- This site is optimized with the Yoast SEO plugin v27.5 - https:\/\/yoast.com\/product\/yoast-seo-wordpress\/ -->\n<title>Premier Contact : Le Plan de la F\u00e9d\u00e9ration Galactique pour la Terre -<\/title>\n<meta name=\"robots\" content=\"index, follow, max-snippet:-1, max-image-preview:large, max-video-preview:-1\" \/>\n<link rel=\"canonical\" href=\"https:\/\/planetactus.com\/index.php\/video\/premier-contact-le-plan-de-la-federation-galactique-pour-la-terre\/\" class=\"yoast-seo-meta-tag\" \/>\n<meta property=\"og:locale\" content=\"fr_FR\" class=\"yoast-seo-meta-tag\" \/>\n<meta property=\"og:type\" content=\"article\" class=\"yoast-seo-meta-tag\" \/>\n<meta property=\"og:title\" content=\"Premier Contact : Le Plan de la F\u00e9d\u00e9ration Galactique pour la Terre\" class=\"yoast-seo-meta-tag\" \/>\n<meta property=\"og:description\" content=\"\u25a0 D\u00e9couvrez comment la F\u00e9d\u00e9ration Galactique planifie l&rsquo;introduction progressive des extraterrestres dans notre quotidien. Ce vid\u00e9o offre un aper\u00e7u unique des strat\u00e9gies envisag\u00e9es pour faciliter ce moment historique, en assurant une transition s\u00e9curis\u00e9e et harmonieuse pour l&rsquo;humanit\u00e9. Rejoignez-nous pour plonger dans les myst\u00e8res de l&rsquo;univers et les pr\u00e9paratifs de notre premi\u00e8re interaction officielle avec des [&hellip;]\" class=\"yoast-seo-meta-tag\" \/>\n<meta property=\"og:url\" content=\"https:\/\/planetactus.com\/index.php\/video\/premier-contact-le-plan-de-la-federation-galactique-pour-la-terre\/\" class=\"yoast-seo-meta-tag\" \/>\n<meta property=\"article:publisher\" content=\"https:\/\/www.facebook.com\/profile.php?id=61561620320740\" class=\"yoast-seo-meta-tag\" \/>\n<meta name=\"twitter:card\" content=\"summary_large_image\" class=\"yoast-seo-meta-tag\" \/>\n<meta name=\"twitter:title\" content=\"Premier Contact : Le Plan de la F\u00e9d\u00e9ration Galactique pour la Terre\" class=\"yoast-seo-meta-tag\" \/>\n<meta name=\"twitter:site\" content=\"@PlanetActus\" class=\"yoast-seo-meta-tag\" \/>\n<meta name=\"twitter:label1\" content=\"Dur\u00e9e de lecture estim\u00e9e\" class=\"yoast-seo-meta-tag\" \/>\n\t<meta name=\"twitter:data1\" content=\"1 minute\" class=\"yoast-seo-meta-tag\" \/>\n<script type=\"application\/ld+json\" class=\"yoast-schema-graph\">{\"@context\":\"https:\\\/\\\/schema.org\",\"@graph\":[{\"@type\":\"WebPage\",\"@id\":\"https:\\\/\\\/planetactus.com\\\/index.php\\\/video\\\/premier-contact-le-plan-de-la-federation-galactique-pour-la-terre\\\/\",\"url\":\"https:\\\/\\\/planetactus.com\\\/index.php\\\/video\\\/premier-contact-le-plan-de-la-federation-galactique-pour-la-terre\\\/\",\"name\":\"Premier Contact : Le Plan de la F\u00e9d\u00e9ration Galactique pour la Terre -\",\"isPartOf\":{\"@id\":\"https:\\\/\\\/planetactus.com\\\/#website\"},\"datePublished\":\"2024-09-24T17:24:41+00:00\",\"breadcrumb\":{\"@id\":\"https:\\\/\\\/planetactus.com\\\/index.php\\\/video\\\/premier-contact-le-plan-de-la-federation-galactique-pour-la-terre\\\/#breadcrumb\"},\"inLanguage\":\"fr-FR\",\"potentialAction\":[{\"@type\":\"ReadAction\",\"target\":[\"https:\\\/\\\/planetactus.com\\\/index.php\\\/video\\\/premier-contact-le-plan-de-la-federation-galactique-pour-la-terre\\\/\"]}]},{\"@type\":\"BreadcrumbList\",\"@id\":\"https:\\\/\\\/planetactus.com\\\/index.php\\\/video\\\/premier-contact-le-plan-de-la-federation-galactique-pour-la-terre\\\/#breadcrumb\",\"itemListElement\":[{\"@type\":\"ListItem\",\"position\":1,\"name\":\"Accueil\",\"item\":\"https:\\\/\\\/planetactus.com\\\/\"},{\"@type\":\"ListItem\",\"position\":2,\"name\":\"Videos\",\"item\":\"https:\\\/\\\/planetactus.com\\\/index.php\\\/video\\\/\"},{\"@type\":\"ListItem\",\"position\":3,\"name\":\"Premier Contact : Le Plan de la F\u00e9d\u00e9ration Galactique pour la Terre\"}]},{\"@type\":\"WebSite\",\"@id\":\"https:\\\/\\\/planetactus.com\\\/#website\",\"url\":\"https:\\\/\\\/planetactus.com\\\/\",\"name\":\"PLANET ACTUS\",\"description\":\"PLANET ACTUS\",\"publisher\":{\"@id\":\"https:\\\/\\\/planetactus.com\\\/#\\\/schema\\\/person\\\/fbb75ac73a2424d2e176d31b021372a4\"},\"potentialAction\":[{\"@type\":\"SearchAction\",\"target\":{\"@type\":\"EntryPoint\",\"urlTemplate\":\"https:\\\/\\\/planetactus.com\\\/?s={search_term_string}\"},\"query-input\":{\"@type\":\"PropertyValueSpecification\",\"valueRequired\":true,\"valueName\":\"search_term_string\"}}],\"inLanguage\":\"fr-FR\"},{\"@type\":[\"Person\",\"Organization\"],\"@id\":\"https:\\\/\\\/planetactus.com\\\/#\\\/schema\\\/person\\\/fbb75ac73a2424d2e176d31b021372a4\",\"name\":\"planetactus.com\",\"image\":{\"@type\":\"ImageObject\",\"inLanguage\":\"fr-FR\",\"@id\":\"https:\\/\\/i0.wp.com\\/planetactus.com\\/wp-content\\/uploads\\/2024\\/07\\/cropped-2-Planet-Actus-Banniere-02a.jpg?fit=1189%2C365&ssl=1\",\"url\":\"https:\\/\\/i0.wp.com\\/planetactus.com\\/wp-content\\/uploads\\/2024\\/07\\/cropped-2-Planet-Actus-Banniere-02a.jpg?fit=1189%2C365&ssl=1\",\"contentUrl\":\"https:\\/\\/i0.wp.com\\/planetactus.com\\/wp-content\\/uploads\\/2024\\/07\\/cropped-2-Planet-Actus-Banniere-02a.jpg?fit=1189%2C365&ssl=1\",\"width\":1189,\"height\":365,\"caption\":\"planetactus.com\"},\"logo\":{\"@id\":\"https:\\/\\/i0.wp.com\\/planetactus.com\\/wp-content\\/uploads\\/2024\\/07\\/cropped-2-Planet-Actus-Banniere-02a.jpg?fit=1189%2C365&ssl=1\"},\"sameAs\":[\"http:\\\/\\\/planetactus.com\",\"https:\\\/\\\/www.facebook.com\\\/profile.php?id=61561620320740\",\"https:\\\/\\\/x.com\\\/https:\\\/\\\/x.com\\\/PlanetActus\",\"https:\\\/\\\/www.youtube.com\\\/@PlanetActus\"]}]}<\/script>\n<!-- \/ Yoast SEO plugin. -->","yoast_head_json":{"title":"Premier Contact : Le Plan de la F\u00e9d\u00e9ration Galactique pour la Terre -","robots":{"index":"index","follow":"follow","max-snippet":"max-snippet:-1","max-image-preview":"max-image-preview:large","max-video-preview":"max-video-preview:-1"},"canonical":"https:\/\/planetactus.com\/index.php\/video\/premier-contact-le-plan-de-la-federation-galactique-pour-la-terre\/","og_locale":"fr_FR","og_type":"article","og_title":"Premier Contact : Le Plan de la F\u00e9d\u00e9ration Galactique pour la Terre","og_description":"\u25a0 D\u00e9couvrez comment la F\u00e9d\u00e9ration Galactique planifie l&rsquo;introduction progressive des extraterrestres dans notre quotidien. Ce vid\u00e9o offre un aper\u00e7u unique des strat\u00e9gies envisag\u00e9es pour faciliter ce moment historique, en assurant une transition s\u00e9curis\u00e9e et harmonieuse pour l&rsquo;humanit\u00e9. Rejoignez-nous pour plonger dans les myst\u00e8res de l&rsquo;univers et les pr\u00e9paratifs de notre premi\u00e8re interaction officielle avec des [&hellip;]","og_url":"https:\/\/planetactus.com\/index.php\/video\/premier-contact-le-plan-de-la-federation-galactique-pour-la-terre\/","article_publisher":"https:\/\/www.facebook.com\/profile.php?id=61561620320740","twitter_card":"summary_large_image","twitter_title":"Premier Contact : Le Plan de la F\u00e9d\u00e9ration Galactique pour la Terre","twitter_site":"@PlanetActus","twitter_misc":{"Dur\u00e9e de lecture estim\u00e9e":"1 minute"},"schema":{"@context":"https:\/\/schema.org","@graph":[{"@type":"WebPage","@id":"https:\/\/planetactus.com\/index.php\/video\/premier-contact-le-plan-de-la-federation-galactique-pour-la-terre\/","url":"https:\/\/planetactus.com\/index.php\/video\/premier-contact-le-plan-de-la-federation-galactique-pour-la-terre\/","name":"Premier Contact : Le Plan de la F\u00e9d\u00e9ration Galactique pour la Terre -","isPartOf":{"@id":"https:\/\/planetactus.com\/#website"},"datePublished":"2024-09-24T17:24:41+00:00","breadcrumb":{"@id":"https:\/\/planetactus.com\/index.php\/video\/premier-contact-le-plan-de-la-federation-galactique-pour-la-terre\/#breadcrumb"},"inLanguage":"fr-FR","potentialAction":[{"@type":"ReadAction","target":["https:\/\/planetactus.com\/index.php\/video\/premier-contact-le-plan-de-la-federation-galactique-pour-la-terre\/"]}]},{"@type":"BreadcrumbList","@id":"https:\/\/planetactus.com\/index.php\/video\/premier-contact-le-plan-de-la-federation-galactique-pour-la-terre\/#breadcrumb","itemListElement":[{"@type":"ListItem","position":1,"name":"Accueil","item":"https:\/\/planetactus.com\/"},{"@type":"ListItem","position":2,"name":"Videos","item":"https:\/\/planetactus.com\/index.php\/video\/"},{"@type":"ListItem","position":3,"name":"Premier Contact : Le Plan de la F\u00e9d\u00e9ration Galactique pour la Terre"}]},{"@type":"WebSite","@id":"https:\/\/planetactus.com\/#website","url":"https:\/\/planetactus.com\/","name":"PLANET ACTUS","description":"PLANET ACTUS","publisher":{"@id":"https:\/\/planetactus.com\/#\/schema\/person\/fbb75ac73a2424d2e176d31b021372a4"},"potentialAction":[{"@type":"SearchAction","target":{"@type":"EntryPoint","urlTemplate":"https:\/\/planetactus.com\/?s={search_term_string}"},"query-input":{"@type":"PropertyValueSpecification","valueRequired":true,"valueName":"search_term_string"}}],"inLanguage":"fr-FR"},{"@type":["Person","Organization"],"@id":"https:\/\/planetactus.com\/#\/schema\/person\/fbb75ac73a2424d2e176d31b021372a4","name":"planetactus.com","image":{"@type":"ImageObject","inLanguage":"fr-FR","@id":"https:\/\/mlrdeoj2ejbf.i.optimole.com\/cb:mvHM.4ca\/w:auto\/h:auto\/q:mauto\/f:best\/https:\/\/i0.wp.com\/planetactus.com\/wp-content\/uploads\/2024\/07\/cropped-2-Planet-Actus-Banniere-02a.jpg?fit=1189%2C365&ssl=1","url":"https:\/\/mlrdeoj2ejbf.i.optimole.com\/cb:mvHM.4ca\/w:auto\/h:auto\/q:mauto\/f:best\/https:\/\/i0.wp.com\/planetactus.com\/wp-content\/uploads\/2024\/07\/cropped-2-Planet-Actus-Banniere-02a.jpg?fit=1189%2C365&ssl=1","contentUrl":"https:\/\/mlrdeoj2ejbf.i.optimole.com\/cb:mvHM.4ca\/w:auto\/h:auto\/q:mauto\/f:best\/https:\/\/i0.wp.com\/planetactus.com\/wp-content\/uploads\/2024\/07\/cropped-2-Planet-Actus-Banniere-02a.jpg?fit=1189%2C365&ssl=1","width":1189,"height":365,"caption":"planetactus.com"},"logo":{"@id":"https:\/\/mlrdeoj2ejbf.i.optimole.com\/cb:mvHM.4ca\/w:auto\/h:auto\/q:mauto\/f:best\/https:\/\/i0.wp.com\/planetactus.com\/wp-content\/uploads\/2024\/07\/cropped-2-Planet-Actus-Banniere-02a.jpg?fit=1189%2C365&ssl=1"},"sameAs":["http:\/\/planetactus.com","https:\/\/www.facebook.com\/profile.php?id=61561620320740","https:\/\/x.com\/https:\/\/x.com\/PlanetActus","https:\/\/www.youtube.com\/@PlanetActus"]}]}},"jetpack_sharing_enabled":true,"_links":{"self":[{"href":"https:\/\/planetactus.com\/index.php\/wp-json\/wp\/v2\/aiovg_videos\/1932","targetHints":{"allow":["GET"]}}],"collection":[{"href":"https:\/\/planetactus.com\/index.php\/wp-json\/wp\/v2\/aiovg_videos"}],"about":[{"href":"https:\/\/planetactus.com\/index.php\/wp-json\/wp\/v2\/types\/aiovg_videos"}],"author":[{"embeddable":true,"href":"https:\/\/planetactus.com\/index.php\/wp-json\/wp\/v2\/users\/1"}],"replies":[{"embeddable":true,"href":"https:\/\/planetactus.com\/index.php\/wp-json\/wp\/v2\/comments?post=1932"}],"wp:attachment":[{"href":"https:\/\/planetactus.com\/index.php\/wp-json\/wp\/v2\/media?parent=1932"}],"wp:term":[{"taxonomy":"aiovg_categories","embeddable":true,"href":"https:\/\/planetactus.com\/index.php\/wp-json\/wp\/v2\/aiovg_categories?post=1932"},{"taxonomy":"aiovg_tags","embeddable":true,"href":"https:\/\/planetactus.com\/index.php\/wp-json\/wp\/v2\/aiovg_tags?post=1932"}],"curies":[{"name":"wp","href":"https:\/\/api.w.org\/{rel}","templated":true}]}}

Premier Contact : Le Plan de la Fédération Galactique pour la Terre

<p><span class="yt-core-attributed-string yt-core-attributed-string--white-space-pre-wrap" dir="auto"><span class="yt-core-attributed-string--link-inherit-color" dir="auto">■ Découvrez comment la Fédération Galactique planifie l&rsquo;introduction progressive des extraterrestres dans notre quotidien. Ce vidéo offre un aperçu unique des stratégies envisagées pour faciliter ce moment historique, en assurant une transition sécurisée et harmonieuse pour l&rsquo;humanité. Rejoignez-nous pour plonger dans les mystères de l&rsquo;univers et les préparatifs de notre première interaction officielle avec des civilisations d&rsquo;autres mondes. 👽<br />
</span></span></p>
<p>&nbsp;</p>
<div class="gsp_post_data" 
	            data-post_type="aiovg_videos" 
	            data-cat="" 
	            data-modified="120"
	            data-created="1727205881"
	            data-title="Premier Contact : Le Plan de la Fédération Galactique pour la Terre" 
	            data-home="https://planetactus.com"></div>

<p>■ Découvrez comment la Fédération Galactique planifie l&rsquo;introduction progressive des extraterrestres dans notre quotidien. Ce vidéo offre un aperçu unique des stratégies envisagées pour faciliter ce moment historique, en assurant une transition sécurisée et harmonieuse pour l&rsquo;humanité. Rejoignez-nous pour plonger dans les mystères de l&rsquo;univers et les préparatifs de notre première interaction officielle avec des [&hellip;]</p>

<!-- This site is optimized with the Yoast SEO plugin v27.5 - https://yoast.com/product/yoast-seo-wordpress/ -->
<title>Premier Contact : Le Plan de la Fédération Galactique pour la Terre -</title>
<meta name="robots" content="index, follow, max-snippet:-1, max-image-preview:large, max-video-preview:-1" />
<link rel="canonical" href="https://planetactus.com/index.php/video/premier-contact-le-plan-de-la-federation-galactique-pour-la-terre/" class="yoast-seo-meta-tag" />
<meta property="og:locale" content="fr_FR" class="yoast-seo-meta-tag" />
<meta property="og:type" content="article" class="yoast-seo-meta-tag" />
<meta property="og:title" content="Premier Contact : Le Plan de la Fédération Galactique pour la Terre" class="yoast-seo-meta-tag" />
<meta property="og:description" content="■ Découvrez comment la Fédération Galactique planifie l&rsquo;introduction progressive des extraterrestres dans notre quotidien. Ce vidéo offre un aperçu unique des stratégies envisagées pour faciliter ce moment historique, en assurant une transition sécurisée et harmonieuse pour l&rsquo;humanité. Rejoignez-nous pour plonger dans les mystères de l&rsquo;univers et les préparatifs de notre première interaction officielle avec des [&hellip;]" class="yoast-seo-meta-tag" />
<meta property="og:url" content="https://planetactus.com/index.php/video/premier-contact-le-plan-de-la-federation-galactique-pour-la-terre/" class="yoast-seo-meta-tag" />
<meta property="article:publisher" content="https://www.facebook.com/profile.php?id=61561620320740" class="yoast-seo-meta-tag" />
<meta name="twitter:card" content="summary_large_image" class="yoast-seo-meta-tag" />
<meta name="twitter:title" content="Premier Contact : Le Plan de la Fédération Galactique pour la Terre" class="yoast-seo-meta-tag" />
<meta name="twitter:site" content="@PlanetActus" class="yoast-seo-meta-tag" />
<meta name="twitter:label1" content="Durée de lecture estimée" class="yoast-seo-meta-tag" />
	<meta name="twitter:data1" content="1 minute" class="yoast-seo-meta-tag" />
<script type="application/ld+json" class="yoast-schema-graph">{"@context":"https:\/\/schema.org","@graph":[{"@type":"WebPage","@id":"https:\/\/planetactus.com\/index.php\/video\/premier-contact-le-plan-de-la-federation-galactique-pour-la-terre\/","url":"https:\/\/planetactus.com\/index.php\/video\/premier-contact-le-plan-de-la-federation-galactique-pour-la-terre\/","name":"Premier Contact : Le Plan de la Fédération Galactique pour la Terre -","isPartOf":{"@id":"https:\/\/planetactus.com\/#website"},"datePublished":"2024-09-24T17:24:41+00:00","breadcrumb":{"@id":"https:\/\/planetactus.com\/index.php\/video\/premier-contact-le-plan-de-la-federation-galactique-pour-la-terre\/#breadcrumb"},"inLanguage":"fr-FR","potentialAction":[{"@type":"ReadAction","target":["https:\/\/planetactus.com\/index.php\/video\/premier-contact-le-plan-de-la-federation-galactique-pour-la-terre\/"]}]},{"@type":"BreadcrumbList","@id":"https:\/\/planetactus.com\/index.php\/video\/premier-contact-le-plan-de-la-federation-galactique-pour-la-terre\/#breadcrumb","itemListElement":[{"@type":"ListItem","position":1,"name":"Accueil","item":"https:\/\/planetactus.com\/"},{"@type":"ListItem","position":2,"name":"Videos","item":"https:\/\/planetactus.com\/index.php\/video\/"},{"@type":"ListItem","position":3,"name":"Premier Contact : Le Plan de la Fédération Galactique pour la Terre"}]},{"@type":"WebSite","@id":"https:\/\/planetactus.com\/#website","url":"https:\/\/planetactus.com\/","name":"PLANET ACTUS","description":"PLANET ACTUS","publisher":{"@id":"https:\/\/planetactus.com\/#\/schema\/person\/fbb75ac73a2424d2e176d31b021372a4"},"potentialAction":[{"@type":"SearchAction","target":{"@type":"EntryPoint","urlTemplate":"https:\/\/planetactus.com\/?s={search_term_string}"},"query-input":{"@type":"PropertyValueSpecification","valueRequired":true,"valueName":"search_term_string"}}],"inLanguage":"fr-FR"},{"@type":["Person","Organization"],"@id":"https:\/\/planetactus.com\/#\/schema\/person\/fbb75ac73a2424d2e176d31b021372a4","name":"planetactus.com","image":{"@type":"ImageObject","inLanguage":"fr-FR","@id":"https:\/\/i0.wp.com\/planetactus.com\/wp-content\/uploads\/2024\/07\/cropped-2-Planet-Actus-Banniere-02a.jpg?fit=1189%2C365&ssl=1","url":"https:\/\/i0.wp.com\/planetactus.com\/wp-content\/uploads\/2024\/07\/cropped-2-Planet-Actus-Banniere-02a.jpg?fit=1189%2C365&ssl=1","contentUrl":"https:\/\/i0.wp.com\/planetactus.com\/wp-content\/uploads\/2024\/07\/cropped-2-Planet-Actus-Banniere-02a.jpg?fit=1189%2C365&ssl=1","width":1189,"height":365,"caption":"planetactus.com"},"logo":{"@id":"https:\/\/i0.wp.com\/planetactus.com\/wp-content\/uploads\/2024\/07\/cropped-2-Planet-Actus-Banniere-02a.jpg?fit=1189%2C365&ssl=1"},"sameAs":["http:\/\/planetactus.com","https:\/\/www.facebook.com\/profile.php?id=61561620320740","https:\/\/x.com\/https:\/\/x.com\/PlanetActus","https:\/\/www.youtube.com\/@PlanetActus"]}]}</script>
<!-- / Yoast SEO plugin. -->

Premier Contact : Le Plan de la Fédération Galactique pour la Terre -

■ Découvrez comment la Fédération Galactique planifie l&rsquo;introduction progressive des extraterrestres dans notre quotidien. Ce vidéo offre un aperçu unique des stratégies envisagées pour faciliter ce moment historique, en assurant une transition sécurisée et harmonieuse pour l&rsquo;humanité. Rejoignez-nous pour plonger dans les mystères de l&rsquo;univers et les préparatifs de notre première interaction officielle avec des [&hellip;]
